e (x/4)/(4/(-144)). Let g = -13 + v. What is the highest common divisor of g and 2?
2
Let f = -8 - -6. Let o be (4 + -36)*1/f. Let n = o - 9. What is the highest common factor of n and 49?
7
Suppose 9*p = 2*p + 455. Calculate the highest common divisor of p and 585.
65
Suppose 45 = 4*k + k. Suppose 9 = -3*n + 27. What is the greatest common divisor of n and k?
3
Let x(o) = 2*o**2 - 4*o - 6. Let q be x(5). Suppose 0 = -5*y - 0 + 160. Let c be -5*(-5)/(50/y). What is the highest common divisor of q and c?
8
Let c(r) = 4*r**2 - 2*r + 1. Let v be c(2). Suppose p = 24 - v. Let b = -22 + 77. Calculate the greatest common factor of p and b.
11
Let d = -17 + 23. What is the highest common divisor of d and 78?
6
Let m(q) = 56*q**3 + q. Let a be m(1). Let t be -5*(-1)/(5/a). Suppose 4*x = -1 + t. Calculate the greatest common factor of 14 and x.
14
Let g = -74 - -82. Calculate the highest common divisor of 88 and g.
8
Suppose -280 = 2*s - 6*s. Calculate the highest common divisor of s and 42.
14
Let s(w) = -2*w**2 - w - 2. Let v be s(-2). Let h be (-266)/6 + v/12. Let l = -30 - h. What is the highest common factor of 120 and l?
15
Let u be 7/2 + (-9)/18. What is the greatest common factor of 3 and u?
3
Let d(k) = k**2 - 4*k + 8. Let x be d(6). Calculate the greatest common factor of x and 40.
20
Let g be -2 + (1*22 - -2). Let d = g + -10. What is the highest common divisor of d and 3?
3
Suppose 3*v = -v + 96. Calculate the highest common factor of 168 and v.
24
Let n be 14 - (-1 - -2 - 2). Calculate the greatest common factor of n and 165.
15
Let w(k) = -k**2 + 6*k + 5. Let t be w(6). Suppose 7 = -m + 4*a, 2 - 8 = 4*m - t*a. Let i = m - -24. What is the greatest common divisor of 5 and i?
5
Suppose g = 5, -2*l + 4*g - 356 = -6*l. What is the greatest common divisor of 56 and l?
28
Let b = 2 + 4. Let o be (-985)/(-15) - 4/b. What is the highest common factor of 13 and o?
13
Suppose -3*c = 4*b - 146, -2*b = -2*c - 2*c + 158. Calculate the greatest common divisor of c and 6.
6
Let v(y) = y**3 - 5*y**2 - 5*y. Let a be v(7). Let h(s) = s**3 + s**2 + s + 9. Let q be h(0). Calculate the highest common divisor of a and q.
9
Suppose 8 = -3*y - y. Let g be (-135)/(-6) - 1/y. Suppose 0 = -5*d - g + 88. Calculate the highest common divisor of 52 and d.
13
Let c = 67 + 37. Suppose 4*r - 4*h = 0, 0*r + 5*h - 2 = 4*r. Let t be (-4)/r*26/(-4). What is the greatest common divisor of c and t?
13
Let j = 73 - 48. Let n(d) = 16*d - 5. Let h be n(5). What is the greatest common factor of j and h?
25
Suppose -c - 192 = -5*c. What is the greatest common divisor of c and 16?
16
Let g be -170*(-2 - 16/(-10)). Suppose -4*x + 105 - 37 = 0. What is the greatest common factor of g and x?
17
Suppose 1286 = 5*f + 406. Let n(w) = w**2 + 2*w - 2. Let o be n(-4). Let l(c) = 5*c - 14. Let i be l(o). What is the greatest common divisor of i and f?
16
Let n(h) = h**2 + 5*h - 9. Let r be n(-7). Let l = -2 + 6. Suppose -r*w + 130 + 16 = l*m, 2*w + 2*m - 58 = 0. Calculate the greatest common divisor of 10 and w.
10
Suppose -7*v + 50 = -2*v. Let p = -29 + 49. Calculate the highest common divisor of v and p.
10
Let t be (112/(-3 - -1))/(-2). What is the highest common factor of t and 98?
14
Let u = 180 - 12. What is the highest common divisor of 24 and u?
24
Suppose -3*v + 5*u + 12 = -16, 0 = -3*u + 3. Calculate the highest common divisor of 55 and v.
11
Let i be -1 - (-5 - 0 - -2). What is the greatest common divisor of 1 and i?
1
Let g = 11 + 28. Calculate the greatest common divisor of g and 52.
13
Suppose 5*w + 2824 = 469. Let b be 6/15 - w/(-15). Let f = b - -53. What is the highest common divisor of 11 and f?
11
Suppose -1 + 25 = 4*c. Calculate the highest common factor of 18 and c.
6
Let a = 13 - 9. Suppose 3*r = -a*k + 70, 5*r - 36 = 3*k + 42. Suppose -w - 16 = -2*b, -2*b + r = b - 3*w. What is the greatest common divisor of b and 40?
10
Suppose -14*k = -13*k - 12. What is the highest common factor of 48 and k?
12
Let u be (-1420)/(-30) + 4/6. What is the greatest common divisor of 6 and u?
6
Suppose 140 = 17*g - 12*g. Calculate the highest common divisor of 14 and g.
14
Suppose -h + 10 = h. Let s(i) be the third derivative of i**5/60 + i**4/24 - i**3 + i**2. Let o be s(h). What is the highest common divisor of 8 and o?
8
Suppose -v - 5*v + 198 = 0. What is the highest common divisor of v and 22?
11
Let q = 10 - 5. Suppose -3*p - 54 = -2*p - q*r, 0 = -5*r - 20. Let i be p/(-6) - 5/15. Calculate the highest common factor of 4 and i.
4
Let x be 2 + (-80)/6*-3. Suppose -t - 2*t + x = 0. What is the highest common factor of t and 56?
14
Suppose w = 4*t - 16, 3*w - 5*w - 4*t + 28 = 0. Suppose -3 = w*l - 7. Let h be (l - (-2 + 0)) + 0. What is the highest common factor of h and 12?
3
Let o(v) = 57*v**2 + 6*v + 5. Let k be o(5). Let q be k/15 - 4/(-6). What is the greatest common factor of 14 and q?
14
Let j = 3 - -2. Let k be 2 + -4 + 1 + j. Suppose k*w = 2*w + 22. Calculate the highest common factor of 99 and w.
11
Let t be 10/25 - (-266)/10. What is the highest common divisor of t and 72?
9
Let a(p) = -p**2 - 6*p + 5. Let l be a(-6). Suppose l*y - 212 - 148 = 0. What is the greatest common divisor of y and 48?
24
Suppose -5*b - 319 = 3*q - 4*b, 207 = -2*q + 5*b. Let l = -55 - q. Let x = 0 + 17. What is the greatest common divisor of x and l?
17
Let g(h) = h**2 - 3*h + 4. Let p be g(-5). What is the greatest common divisor of p and 4?
4
Suppose 4*i - 36 = -4*f, -3*f = -2*i - 3 - 4. Let u be 0 - (2 - 114/2). Calculate the greatest common factor of f and u.
5
Let y be 2/(-2) - (-65)/5. Suppose -5*t + y = -2*t. What is the greatest common factor of t and 10?
2
Let n = 1 - -4. Suppose -n*g + 154 = -3*q + 4*q, 3*q + 4*g - 440 = 0. What is the greatest common factor of q and 18?
18
Suppose -s + 5*x = -155, -2*x - 8 = -0*x. Suppose -3*z = -0*z - 45. What is the highest common divisor of s and z?
15
Let m(h) = 2*h**2 + 4*h + 2. Let l be m(-2). Suppose 0*g + 2*g - 10 = 0. Suppose 1 = l*y - g. What is the highest common divisor of 12 and y?
3
Suppose 5*q + 3*l - 19 = 0, -5*l + 23 = 4*q - 0*l. Suppose 42 + 52 = a. Let t be a/3 - q/(-3). Calculate the highest common factor of 4 and t.
4
Let k be (-8)/2*-1*10. What is the greatest common divisor of 10 and k?
10
Let f(l) = -5*l + 3. Let k be f(-5). Let a(o) = 11*o**2 + 5*o. Let x be a(4). Let b = -126 + x. What is the highest common divisor of k and b?
14
Let x = 29 + -17. Let t = 131 - -15. Let g = t + -98. Calculate the highest common factor of g and x.
12
Suppose 5*s + 29 = 2*h, 0 - 1 = -s. Let l = -2 + h. Let q be (18/(-8))/(-1)*20. What is the greatest common factor of q and l?
15
Let v(p) be the first derivative of -p**4/4 - 5*p**3 - 15*p**2/2 + 5*p + 9. Let a be v(-14). Calculate the highest common divisor of a and 133.
19
Suppose 18 = 5*b - 5*q + 3*q, b - q = 3. Suppose 0*h = -4*h + b. Calculate the highest common factor of h and 8.
1
Let p(i) = 12*i**2 + 2*i - 3. Let l be p(1). Calculate the greatest common divisor of l and 44.
11
Let u = -17 + 23. Calculate the greatest common factor of 3 and u.
3
Suppose 9*s - 14*s + 310 = 0. Calculate the greatest common divisor of s and 31.
31
Suppose -477 = -2*s - 7*s. Calculate the greatest common divisor of 371 and s.
53
Suppose 0*f - 60 = -3*f. Let u be ((-210)/(-28))/(6/32). Calculate the greatest common divisor of f and u.
20
Let p(i) = 2*i**3 + 2*i**2 + i - 2. Let c be p(2). Let v = 13 - 5. Calculate the highest common factor of v and c.
8
Let b = -10 + 16. Let r(w) = -3 + 38*w - 15*w - 4 + 4. Let q be r(3). Calculate the greatest common divisor of b and q.
6
Let d be 10 - 2*(0 + 2). Let o = -79 - -139. What is the greatest common divisor of d and o?
6
Suppose -4 = 4*d + 4. Let b be 11 - -3*d/(-6). Calculate the greatest common divisor of b and 48.
12
Suppose 2*x + 6 = 4*s + 7*x, -2*s + 3*x - 8 = 0. Let p = s - -6. Calculate the greatest common divisor of 25 and p.
5
Suppose y + 28 = 4*z - 2*z, -69 = -5*z + 3*y. Let t = 191 - 86. Calculate the greatest common factor of t and z.
15
Suppose -c = 9*c - 180. Calculate the greatest common divisor of c and 27.
9
Let l(m) = 112*m**3. Let k be l(1). Let o(d) = 4*d**2 - d + 2. Let c be o(2). Calculate the highest common divisor of c and k.
16
Let l = -5 + 